-c - 4*c. Let n be 46/3 + c - (-2)/(-6). Suppose -29 - n = -j - 5*l, -53 = -j - l. What is the tens digit of j?
5
Suppose 0 = -5*k - 2*n + 110138, -272*k + n = -277*k + 110134. What is the tens digit of k?
2
Let p = -218 + -311. Let h = p - -884. What is the units digit of h?
5
Let h(x) = -10*x - 128. Let o be h(7). What is the hundreds digit of (-11)/(o/2886) - 1/3?
1
Let i = -11473 + 23162. What is the hundreds digit of i?
6
Suppose 5*w + o = 83988, -3*o - 83976 = -61*w + 56*w. What is the ten thousands digit of w?
1
Suppose -5*x + 11907 + 26378 = -5*z, 0 = -5*x + z + 38293. What is the units digit of x?
9
Let o = 53744 - 5752. What is the units digit of o?
2
Suppose -2*h + u = -565, -1145 = 3*h - 7*h + 5*u. Let i = h + -41. What is the units digit of i?
9
Suppose -469 = -s + 1541. Suppose 0 = 5*k + 4*x - s, -2*x = 5*k - 3*x - 2010. What is the units digit of k?
2
Let q(b) be the second derivative of -27*b**5/20 - b**3/6 - 29*b**2/2 - 126*b - 1. What is the units digit of q(-4)?
3
What is the hundreds digit of ((-21)/(-9) + 3)*(-165 - -237)?
3
Let n(b) be the first derivative of -45*b**2/2 + 18*b + 26. Let x(k) = -k. Let q(m) = n(m) - 2*x(m). What is the units digit of q(-3)?
7
Let p be (-10)/3 - (-11)/33. Let u be 1240/24 - 1/p. Suppose -4*r + 152 + u = 0. What is the units digit of r?
1
Let g(l) = -678*l - 1830. What is the hundreds digit of g(-30)?
5
Let n = -1017 + 701. Let j = -86 - n. What is the units digit of j?
0
Let y be 3*2*20/8. Let w = y + -11. Suppose -w*g - 114 = -5*g. What is the hundreds digit of g?
1
Let n = -166 - -170. Suppose b + 0*b - 1403 = -4*s, 5*s = 4*b + 1738. What is the tens digit of n/10*s/5?
2
Suppose 0 = 5*a - 4*k - 46178, -k - 1025 = a - 10257. What is the thousands digit of a?
9
Let r = 1098 + -1594. Let t = r - -1125. What is the units digit of t?
9
Let g be 1/3 + (-1840)/(-240). What is the units digit of g/10 - -3189*8/60?
6
Let k = 116 + -333. What is the units digit of 3*6*(k/(-2))/7?
9
Let n(z) = 25*z**3 + z**2 + 9*z + 5. Let l be n(-3). Let f = l + 1018. What is the hundreds digit of f?
3
Let q(h) = h**3 + 13*h**2 - h - 7. Let m be q(-13). Let i(y) = 1 - 4*y**2 + 0 + 0*y**3 + 0 + y**3. What is the units digit of i(m)?
3
Let n(l) = 395*l**2 - 5*l - 41. What is the thousands digit of n(-5)?
9
Let r(t) = t**3 - 5*t**2 - 4*t - 7. Let b be r(6). Suppose 2*g - 5*g = -12, -4*q + 3272 = -b*g. What is the hundreds digit of q?
8
Let g = 1917 + 2546. What is the units digit of g?
3
Let j(o) be the first derivative of 2*o**3/3 - 25*o**2/2 - 38*o + 53. What is the tens digit of j(20)?
6
Suppose 0 = -n - 1526 + 4159. Suppose 60*t - 19627 = n. What is the units digit of t?
1
What is the hundreds digit of (-7 + (7 - 5/15))*-57588?
1
Suppose -4*r + 9*r = 25355. Suppose -4*a = 899 - r. What is the tens digit of a?
4
Let z = -139 - -153. What is the units digit of ((-2)/(-6))/(z/3822)?
1
Let u be (-84)/(-18)*(9 - 0)/3. Suppose -n + 0*n + 3*r + 17 = 0, -3*n = 4*r + u. Suppose 3*f + m = 7, 5*f - n*m - 9 = -5*m. What is the units digit of f?
3
Let m(o) = 2*o**3 + 2*o - 1. Let x be m(1). What is the hundreds digit of (-7 - (-9 + 4))/(x/(-597))?
3
Let i = -89 + 86. Let k(h) = -124*h + 24. What is the units digit of k(i)?
6
Suppose -4936 + 764 = -7*t. Suppose t - 2039 = -3*j. What is the hundreds digit of j?
4
Let y be 3 - 0/(-1) - (-28)/28. Suppose -2*j = 3*a - 632 - 1259, j = y*a + 973. What is the tens digit of j?
5
Suppose -41*a + 19740 = -31*a. Let t = -1404 + a. What is the tens digit of t?
7
Suppose 0 = -5*v - 2*v + 70. Let y be 1 + (-44)/(-12) + 1/3. Suppose -370 = y*n - v*n. What is the units digit of n?
4
Let h(q) = 2*q**2. Let j(r) = 10*r**2 + 5*r + 87. Let v(u) = -4*h(u) + j(u). What is the units digit of v(-16)?
9
Let d(h) = -h**2 - 14*h - 16. Let w be d(-13). Let q(p) = -3*p - 9. Let o be q(w). Suppose 5*g = -3*v + 230, -86 = -o*v - v - 4*g. What is the tens digit of v?
7
Suppose -2*t = -4*t + p + 116941, p - 7 = 0. What is the hundreds digit of t?
4
Let p be 62/(-12)*38 - 2/3. Let x = -49 + p. Let n = 364 + x. What is the units digit of n?
8
Suppose -1320668 = -95*b + 302217. What is the units digit of b?
3
Let a = -34 + 28. Let w be 274*(-1 - a/4). Suppose 23 + w = 5*l. What is the units digit of l?
2
Suppose -37*o = -68063 - 8564. What is the tens digit of o?
7
Let m(w) = 21*w**2 + 20*w**2 - 42*w**2 - 20 - 15*w. Let a be m(-13). Suppose 400 = -a*g + 11*g. What is the units digit of g?
0
Let o(x) = 11*x + 32. Let w be o(11). Let q = w + 305. What is the units digit of q/6 - (-2)/(-6)?
6
Let h(x) = 53*x**2 + 5*x - 7. Suppose g = 3*j - 20, -2*j = -4*g + 3*j - 45. What is the units digit of h(g)?
3
Suppose 5*f - 5023 = -2*y, -3*f + 536 + 2489 = 4*y. What is the hundreds digit of f?
0
Suppose -s + 236 = -2*g, 4*s + 2*g = 792 + 82. What is the units digit of s?
2
Let q(r) be the third derivative of 7*r**5/60 - r**4/4 - 2*r**3/3 - 81*r**2. What is the units digit of q(-3)?
7
Suppose 13*h - 8 = 9*h. Suppose 5*g + 5*a = 350, -g + 67 = -4*a + h*a. What is the tens digit of g?
6
Let p = -6559 - -14523. What is the units digit of p?
4
Let f = 252 - 521. Let i = f + 796. What is the hundreds digit of i?
5
Let g(f) = 173*f**2 + f - 16. Let z(q) = -87*q**2 + 8. Let m(l) = 3*g(l) + 5*z(l). What is the tens digit of m(-2)?
2
Let x(t) = 14*t - 4. Let k be ((-3)/(-9))/(-5 - -4)*-3. Let n be x(k). What is the tens digit of 30*(35/n + -3)?
1
Let z(g) = -g**2 + g - 1. Let d(h) = -16*h**2 - 11*h - 8. Let u(m) = -d(m) + 4*z(m). What is the units digit of u(-6)?
6
Suppose 63*f + 26064 = 111*f. What is the hundreds digit of f?
5
Suppose 145 = 5*l + 4*a, -5*l + 7*a - 2*a = -190. Let d = 172 - l. What is the hundreds digit of d?
1
Suppose -471*v + 133518 = -469*v - 2*y, 0 = 2*y - 2. What is the hundreds digit of v?
7
Let p be (-62)/93*(-16 + 1*-2). Suppose 3*s + 4*o - 1940 = 0, -3244 = 7*s - p*s + 4*o. What is the hundreds digit of s?
6
Let y(f) = -37*f**3 - 17*f**2 + 31*f + 363. What is the ten thousands digit of y(-10)?
3
Let a = 66 + 83. Suppose -a + 9 = f. Let y = f - -294. What is the hundreds digit of y?
1
Let c = -18 - 1. What is the tens digit of (-51 + 60)/((-2)/(c*14))?
9
Suppose 0 = -5*f - 47*g + 49*g + 185858, 0 = 5*f - 4*g - 185846. What is the ten thousands digit of f?
3
Let t(k) = 40*k**2 - 40*k - 322. What is the tens digit of t(-16)?
5
Let f(d) be the second derivative of 15*d**3 - 33*d**2/2 - 14*d. Let o be f(6). Suppose 13*i - o = 1157. What is the units digit of i?
8
Let v be 3*(-6)/54*0. Suppose -2*p - 8*p + 1670 = v. What is the units digit of p?
7
Let f = 203 + -198. Suppose s - 8*b = -12*b + 420, f*s - 1980 = 4*b. What is the hundreds digit of s?
4
Let p(y) = 12 + 42*y - 35 - 28 + 11. What is the units digit of p(5)?
0
Suppose 0 = -4*j - 2*j + 5*j. Suppose 4 = -2*q + 4*a + 16, j = -4*q - a + 15. What is the tens digit of q + (-16)/6*-3?
1
Let k(c) = 4*c**3 - c**2. Let p be k(1). Suppose -375 = -3*t - o, -t - p*o + 71 = -54. What is the units digit of t?
5
Suppose 409 = -11*i + 475. Let b(l) = 6*l**2 - 7*l + 7. What is the tens digit of b(i)?
8
Let a = 53 + -51. Suppose 5*c = -4*h + 61, a*h - 3*c - 43 = -18. What is the units digit of 160/9 + h/63?
8
Let i be (-35 + -950)*1*-1. Let z = i + -599. What is the hundreds digit of z?
3
Let f(y) = y**3 + 5*y**2 - 7*y - 4. Suppose 5*h = -6 - 24. Let v be f(h). Suppose 3*t + 3*g = 411, -5*t + 650 = -0*t - v*g. What is the tens digit of t?
3
Let a be 35/6 + (68/24)/17. What is the tens digit of 293 + ((-9)/a)/((-9)/24)?
9
Let j(z) be the third derivative of -z**4/24 - 25*z**3/6 - 2*z**2. Let p be j(-14). Let t(d) = d**2 + 6*d - 2. What is the units digit of t(p)?
3
Let r = -34 - -49. Suppose -r = n - 19. Suppose n*x = v - 40 - 176, -596 = -3*v - x. What is the hundreds digit of v?
2
Let t(o) be the first derivative of 79*o**2/2 - 48*o - 209. What is the hundreds digit of t(4)?
2
Suppose 4*f - 5*m - 38522 - 126112 = 0, 6*f - 246972 = -3*m. What is the hundreds digit of f?
1
Suppose 69*g + 29*g - 868174 = 818602. What is the tens digit of g?
1
Suppose -3*c = 2*r - 70275, c + 2*r = 3*r + 23415. What is the tens digit of c?
2
Let t(g) = 4*g - 199*g**3 + 2 - 39*g**3 + 3*g**2 - 186*g**3. What is the units digit of t(-1)?
5
Let s = 2358 + 1104. What is the hundreds digit of s